-15586 + -5?
-15591
In base 12, what is 47 - -3080?
3107
In base 2, what is 11000 - -1001101100111?
1001101111111
In base 16, what is -1ad038 - 5?
-1ad03d
In base 12, what is b66 + -10?
b56
In base 8, what is -20 + -423771?
-424011
In base 11, what is -16173 - 8?
-16180
In base 13, what is 41c8 + -5?
41c3
In base 3, what is 0 - 10122101110?
-10122101110
In base 13, what is -1c267 - -2?
-1c265
In base 13, what is 0 - 246?
-246
In base 15, what is 23b - -39?
275
In base 12, what is 3 + a043?
a046
In base 3, what is -2 + -22011?
-22020
In base 16, what is 96 + 4fe?
594
In base 7, what is 0 - -166645?
166645
In base 10, what is 163818 - 32?
163786
In base 4, what is -2 + 2111202312?
2111202310
In base 15, what is -13403 - -1?
-13402
In base 4, what is -2002020 - 1121?
-2003201
In base 3, what is 11 - 2011220201?
-2011220120
In base 4, what is 0 + -202031011?
-202031011
In base 10, what is 70736 + -2?
70734
In base 8, what is -1666 - 250?
-2136
In base 2, what is 100001000110001 + -11?
100001000101110
In base 10, what is 22634 - -24?
22658
In base 13, what is 5 + -597c?
-5977
In base 16, what is 2168b - 1c?
2166f
In base 16, what is 26bd6 - 3?
26bd3
In base 3, what is -21 - 100000022202?
-100000100000
In base 3, what is 10 - 2222001120002?
-2222001112222
In base 5, what is 2004344231 - 3?
2004344223
In base 5, what is 2403414 - -23?
2403442
In base 16, what is -39 - -2e5b?
2e22
In base 3, what is -21022000 + 2211?
-21012012
In base 9, what is 51087 - -1?
51088
In base 14, what is -3 - 138b5?
-138b8
In base 3, what is -2 - 22112110?
-22112112
In base 4, what is 10 - -301223301?
301223311
In base 14, what is 181 - 436?
-295
In base 4, what is 2 + 132200330?
132200332
In base 14, what is 11 - -24515?
24526
In base 9, what is 1588 - 63?
1525
In base 14, what is 14b3735 - 1?
14b3734
In base 5, what is 3 + 21343142?
21343200
In base 7, what is -11020 - -110?
-10610
In base 15, what is 185 - -89?
21e
In base 8, what is -1175324 + 3?
-1175321
In base 5, what is 23 + 2021112?
2021140
In base 12, what is -5 + 1972?
1969
In base 2, what is -110110 + -11100010111?
-11101001101
In base 12, what is 25 + -99b3?
-998a
In base 10, what is -180960 - -8?
-180952
In base 6, what is -30543 - -3312?
-23231
In base 12, what is 6 + 2302?
2308
In base 11, what is 4 - 26187?
-26183
In base 16, what is 2 - -66740?
66742
In base 9, what is -3 + 104424?
104421
In base 11, what is 14 - 533?
-51a
In base 13, what is -59 + -218b?
-2217
In base 6, what is -203 + 1310?
1103
In base 13, what is -75ca - 9?
-7606
In base 4, what is 2131113 + 30?
2131203
In base 13, what is 11c - 1993?
-1874
In base 6, what is -1503252 + 14?
-1503234
In base 10, what is -12 + 4524?
4512
In base 13, what is -2186 + -107?
-2290
In base 10, what is 92 - 485?
-393
In base 5, what is -10 + 2440?
2430
In base 7, what is -1552 - -123?
-1426
In base 4, what is 10 - 2011112?
-2011102
In base 16, what is -4 + 71ea?
71e6
In base 11, what is 10 + 2056?
2066
In base 2, what is 1111011100010000 + 0?
1111011100010000
In base 16, what is -e4 - -17d?
99
In base 5, what is 4 + -301034?
-301030
In base 14, what is -4 + 29a704?
29a700
In base 12, what is -b + -147906?
-147915
In base 4, what is 11030 + 10321?
22011
In base 11, what is -21a7 - a9?
-22a5
In base 8, what is -5 - -446017?
446012
In base 3, what is 1000 - -211222022?
212000022
In base 15, what is 2 + -375c?
-375a
In base 13, what is -b + -620b?
-6219
In base 14, what is -42d1 + -1?
-42d2
In base 12, what is -3 - -321ab?
321a8
In base 3, what is -2 - 10002020?
-10002022
In base 4, what is 11331302103 - -1?
11331302110
In base 6, what is -15141 + -2451?
-22032
In base 10, what is -30 - -5003?
4973
In base 4, what is 2331 - 3303?
-312
In base 12, what is 33650 + -2?
3364a
In base 16, what is -2037 - 8e?
-20c5
In base 5, what is -33 + -1230?
-1313
In base 9, what is 3 - -38002?
38005
In base 8, what is -5 - 636563?
-636570
In base 4, what is 213121001 + 0?
213121001
In base 7, what is 0 - -3055644?
3055644
In base 14, what is 4a - 1cad?
-1c63
In base 16, what is 26bb + 112?
27cd
In base 15, what is -14567 - 3?
-1456a
In base 3, what is -11120 + 101112?
12222
In base 2, what is 10101010 - -1011000010?
1101101100
In base 6, what is -51 + -4045?
-4140
In base 14, what is 0 - 1c35?
-1c35
In base 4, what is 30 + 2210101?
2210131
In base 10, what is 1491 - 736?
755
In base 2, what is -101 + 10111000001010?
10111000000101
In base 14, what is -3 - 109c80?
-109c83
In base 4, what is 220311 + -1?
220310
In base 8, what is 3 + -262372?
-262367
In base 5, what is 404 + 20243?
21202
In base 16, what is -e - -298?
28a
In base 13, what is 67 - 7c?
-15
In base 5, what is -1232024 - 13?
-1232042
In base 10, what is -258245 + 5?
-258240
In base 2, what is -100010 - 111101100010?
-111110000100
In base 2, what is -1000010 + 111001100?
110001010
In base 5, what is -10 + 3231204?
3231144
In base 7, what is -5336523 - 1?
-5336524
In base 16, what is -5 - -f841?
f83c
In base 14, what is 1 + -1ccc6?
-1ccc5
In base 14, what is 2 + -72311?
-7230d
In base 12, what is -96782 - -3?
-9677b
In base 4, what is -201 + -22122120?
-22122321
In base 10, what is -2 - -395701?
395699
In base 6, what is -313054 - 21?
-313115
In base 8, what is -3 - -271115?
271112
In base 6, what is -32 - -43412?
43340
In base 3, what is -100 - 12101001220?
-12101002020
In base 14, what is -3c - 1c4?
-222
In base 13, what is 3c + 8250?
828c
In base 4, what is -1020311221 + -2?
-1020311223
In base 13, what is -2 + -29a0?
-29a2
In base 15, what is 6 - -248c1?
248c7
In base 5, what is -1334412 + -1?
-1334413
In base 3, what is -10 + 1121002110?
1121002100
In base 10, what is 12063 + -5?
12058
In base 3, what is 20100010112 + -10?
20100010102
In base 12, what is 346 - 20b?
137
In base 4, what is -331132033 - 2?
-331132101
In base 9, what is -1833307 - -1?
-1833306
In base 7, what is 1 + 110260?
110261
In base 10, what is -21492 + -2?
-21494
In base 3, what is -12011111201 - 20?
-12011111221
In base 11, what is -619 + -35?
-653
In base 11, what is -183 + 26?
-158
In base 8, what is 224 - 107666?
-107442
In base 6, what is 15 + 13223?
13242
In base 10, what is -1 + 29?
28
In base 13, what is -121b960 + -3?
-121b963
In base 9, what is 24 + 585?
620
In base 15, what is 5 + -3a17?
-3a12
In base 3, what is -11022 + 1001020?
212221
In base 5, what is -3 + -1243012?
-1243020
In base 7, what is -4011 - 31?
-4042
In base 10, what is -11690 - -2?
-11688
In base 5, what is -1 + 2431202?
2431201
In base 13, what is 1b467 + 6?
1b470
In base 16, what is 2 - 35041?
-3503f
In base 10, what is -9780 + 89?
-9691
In base 13, what is b - -43c7?
4405
In base 9, what is -1 + 127173?
127172
In base 7, what is -5106443 + 1?
-5106442
In base 7, what is -420 - -5106?
4356
In base 11, what is -7597a - 52?
-75a21
In base 15, what is 362e + 4?
3633
In base 11, what is 212 - -6?
218
In base 4, what is 1200222310 - 2?
1200222302
In base 4, what is -111031 + -111?
-111202
In base 11, what is 5 + -11449?
-11444
In base 13, what is 800c + 0?
800c
In base 4, what is 332013102 + -1?
332013101
In base 6, what is 10210 + -2?
10204
In base 15, what is -35b - -1e78?
1b1c
In base 11, what is -1072 - -27?
-1046
In base 11, what is 140a - 683?
837
In base 7, what is -4 + -36344?
-36351
In base 4, what is 10 + 1231011000?
1231011010
In base 5, what is -11433 + -1022?
-13010
In base 11, what is -22867 + -3?
-2286a
In base 4, what is 112 + -1122212?
-1122100
In base 13, what is -5 + 3831?
3829
In base 11, what is -9 + -3365?
-3373
In base 16, what is -795a + 3d?
-791d
In base 14, what is 13b - 8a?
91
In base 3, what is -12 - 20200211?
-20201000
In base 3, what is 111 + -20101200?
-20101012
In base 14, what is -10185d - -4?
-101859
In base 16, what is 4c - 134?
-e8
In base 12, what is -851b - 2?
-8521
In base 16, what is 0 - 53941?
-53941
In base 8, what is -6401 - -10?
-6371
In base 15, what is -2e + -2161?
-2190
In base 10, what is -1208 - 16?
-1224
In base 9, what is -4 + -283342?
-283346
In base 16, what is -8 + -14b4?
-14bc
In base 12, what is b92 - -a6?
1078
In base 15, what is -bad + e?
-b9e
In base 14, what is -6890 - 3?
-6893
In base 8, what is -5 - -2330?
2323
In base 6, what is 441523 - -20?
441543
In base 15, what is 5 - -97?
9c
In base 2, what is 100100